late the greatest common factor of v and 27.
27
Let i(d) = d**2 + 2*d. Let m be i(-5). Let y = 26 - m. What is the greatest common divisor of 33 and y?
11
Let z(x) = -2*x**2 - 49*x - 46. Let r be z(-23). What is the greatest common factor of 368 and r?
23
Let m be ((-46)/5)/((-4)/(-20)). Let h be m/(-3) - (-16)/24. Suppose 0 = -2*f + h + 218. What is the highest common divisor of f and 13?
13
Let f be (-8)/(-28) + 6212/14. Let q be (-2)/1 - f/(-6). Let n be (-2)/(-14) - (-2010)/42. Calculate the greatest common factor of q and n.
24
Suppose -9*b - b = 140. Let z be 1 + 0 - -1 - (b - 26). Let n be (-2)/(6/7 - 1). What is the greatest common divisor of n and z?
14
Let q = 94 - -74. Suppose -2*c = 4*a - 208, 3*a - 72 = 2*c + 77. Suppose 0 = 5*k - 54 - a. What is the highest common factor of q and k?
21
Let u = 64 + -24. Let q be -570*9/(-324) - (-1)/6. What is the highest common factor of q and u?
8
Let z be (6 - (-10 - -20)) + 10. What is the highest common factor of 22 and z?
2
Suppose 33 = -3*g + a, -2*g = 3*a - 2*a + 22. Let p be (g - 1)*34/(-3). Suppose -4*l = -2*l - 34. Calculate the greatest common divisor of l and p.
17
Let t(x) = 42*x**2 - 6. Let q be t(2). What is the highest common factor of q and 6?
6
Let i be 144 - 60 - (6 + 0). What is the greatest common divisor of i and 12?
6
Suppose -d - i = -7, -49 = -5*d - 5*i + 7*i. Let g = -159 - -99. Let t = 123 + g. Calculate the greatest common divisor of d and t.
9
Suppose -3*n = -8*n + 30. Suppose -7*w = -n*w - 11. What is the highest common divisor of 44 and w?
11
Suppose 4*v + y = 215, 0 = -v + 2*y - 0*y + 56. Let g be (-145)/(-25) - 11/(-55). Let s = v - g. What is the highest common factor of 8 and s?
8
Suppose 5*l - 27 = -87. Let v be (l/4)/(-3) - 2. Let r be (4 + -1)*v/(-3). What is the greatest common divisor of 7 and r?
1
Let y(a) = 9*a + 61. Let o(l) = 28*l + 182. Let m(x) = -3*o(x) + 10*y(x). Let z be m(0). What is the highest common factor of z and 96?
32
Suppose 2*k = -3*g + 139, 2*g - 4*g = -2*k - 76. What is the greatest common factor of g and 2623?
43
Let r(a) = -13*a - 66. Let v be r(-6). What is the greatest common factor of 12 and v?
12
Let h = 36 - 14. Let x = 209 - 99. Calculate the highest common divisor of h and x.
22
Let w(v) = -7*v + 5. Let k be w(-3). Suppose k = -0*l + l. Let o = 18 - -8. What is the highest common divisor of l and o?
26
Let v(r) = r**2 - 10*r - 15 - 4*r**2 + 1 + 4*r**2. Let f be v(12). Let t be (-20)/8*(0 - 2). Calculate the highest common divisor of t and f.
5
Let b(s) = s**3 + s**2 - 6*s - 3. Let o be b(5). Let w(k) = k**3 + 41*k**2 - 3*k - 84. Let t be w(-41). What is the highest common factor of t and o?
39
Suppose -2*f + 2*c + 386 = 0, -90 - 687 = -4*f + 3*c. Calculate the greatest common divisor of 891 and f.
99
Let u = -135 + 140. Suppose 2*z + 15 = u*b, 5*z = -b + 6*z. Calculate the greatest common factor of 40 and b.
5
Suppose 464 = 6*n - 2*n. Suppose 5*j - n = 469. Let r = j - 67. What is the greatest common factor of r and 20?
10
Let c(s) = -5*s**3 - 18*s**2 - 7*s - 1. Let k be c(-5). What is the greatest common factor of 76 and k?
19
Let p(k) = 43*k**2 + 2. Let g be p(-2). Let t be g/8 + 3/(-4). Let l be ((-2)/3)/(26/(-273)). What is the greatest common factor of l and t?
7
Let g = -621 + 889. Calculate the highest common factor of 67 and g.
67
Let d(z) = 18*z - 18. Let u be d(13). Let r(y) = 7*y - 18. Let k be r(6). Calculate the highest common divisor of k and u.
24
Let o = -66 - -74. Let h(p) = -2*p**2 + 16*p + 5. Let c be h(o). Calculate the highest common divisor of 20 and c.
5
Let o(q) = 2*q**3 - 56*q**2 + 19*q + 53. Let j be o(28). Calculate the greatest common divisor of j and 13.
13
Suppose -330 = -5*q + 5*w, -5*w - 58 = 4*q - 5*q. Suppose l + l + q = 0. Let h = l - -40. What is the greatest common factor of 3 and h?
3
Suppose 4*o = -y + 2, 14*o + 12 = 11*o. What is the highest common factor of 4 and y?
2
Let n be 8*(22/4)/1. Suppose 3*y - 179 = 5*j - 570, -j + 5*y + 87 = 0. Let d = j + -66. What is the highest common factor of d and n?
11
Let o(t) = 5*t. Let p = -12 - -15. Let u be o(p). Let b be (-2)/((-8)/(-5) + -2). What is the highest common factor of u and b?
5
Let k(j) = 2*j**2 - 35*j + 21. Let d be k(17). Suppose -2*v + 5*v + d*f = 131, 3*v - 132 = -3*f. What is the highest common factor of v and 15?
15
Let c be 3/(-2)*(-340)/30. Let p = 1 + c. Let a be (p/6)/(6/56). What is the greatest common divisor of a and 70?
14
Suppose d - f + 279 = -179, -2287 = 5*d - 4*f. Let v be d/(-49) + 4/(-14). Calculate the greatest common divisor of 45 and v.
9
Suppose -7*t = -40 - 30. Let k(d) = d**3 - d**2. Let w be k(0). Suppose s = -w*s + 100. Calculate the greatest common factor of s and t.
10
Suppose -439 = -3*d - 19. Suppose 0*g = 4*g - d. What is the highest common factor of g and 5?
5
Suppose z - 4*z = -135. Suppose 5*m + y = -149, 2*y = m + 3*m + 122. Let n = 48 + m. Calculate the highest common divisor of n and z.
9
Suppose 0 = c + 2*b - 164, 6*c + 4*b = 2*c + 640. Calculate the highest common factor of c and 36.
12
Let k(n) = 2 - 6*n + 0*n + 7*n. Let y be k(15). What is the highest common factor of y and 136?
17
Suppose -3*h = -4*b - 66, -2*h + 44 = b - 4*b. Suppose 0*z + 3*m - 30 = -z, 4*z - m = 159. Let y = z + 16. What is the highest common divisor of h and y?
11
Suppose 0 = 7*b - 365 - 1084. Calculate the greatest common factor of 81 and b.
9
Let r(g) = g**2 + 14*g - 29. Let d be r(-17). Let y be -3*(-2)/6*-4. Let c = d - y. What is the greatest common divisor of 234 and c?
26
Let b = -26209 - -26214. Suppose -g - i + 40 = 0, 136 = 4*g + 2*i - 14. Calculate the highest common factor of b and g.
5
Let s(g) = g**2 - 124*g - 752. Let i be s(-6). What is the greatest common divisor of i and 140?
28
Let c = -418 - -652. What is the highest common divisor of 45 and c?
9
Let t be (12/(-2) - -2)/(2/(-32)). Suppose 80 = 6*i - i. Calculate the highest common divisor of t and i.
16
Let n(g) = 24*g + 3. Let r be n(3). Let l = r + -5. Let b = 717 + -703. What is the highest common factor of b and l?
14
Let z be 6 - ((-5)/(-1) - 304/19). Calculate the highest common factor of z and 5.
1
Let l(y) = 4*y**3 + 5*y - 3. Suppose 0 = -0*w - 5*w + 5*v + 30, 0 = -5*v - 15. Let d be l(w). Calculate the greatest common factor of 15 and d.
15
Let g = 15 - -309. Suppose 0 = -4*s + 10*s - g. What is the highest common factor of 27 and s?
27
Let x = 11 + -7. Let q = -43 - -58. Suppose -x*k + q = 3. What is the greatest common factor of 3 and k?
3
Let d = 102 + -97. Suppose 0 = v + p - 136, -4*p = d*v - 676 - 0. Calculate the highest common divisor of v and 12.
12
Suppose 0 = 6*n - 81 + 15. Let q be (-440)/n*18/(-5). Let j = -60 + q. What is the highest common factor of j and 21?
21
Suppose -3*w + 16 = -11. Let b(l) = l - 3. Let v be b(11). Let q(j) = j**2 - 6*j + 11. Let p be q(v). Calculate the highest common factor of w and p.
9
Let g = -148 - -155. What is the highest common divisor of 1 and g?
1
Suppose -3*m = -2 - 4. Let p(g) = -1 - 3*g + 5 - g**m - g**3 - 3*g**2 + 0*g**2. Let o be p(-3). What is the highest common divisor of 8 and o?
4
Let b be (-80)/(-2) - 4/4. Let d = 56 - b. Let l = d + -6. What is the greatest common factor of 77 and l?
11
Let h be (-19)/(-38) + (-428)/(-8). Calculate the greatest common divisor of 378 and h.
54
Suppose -553 = 5*t + 4*d, -3*d - 2*d - 10 = 0. Let m = -76 - t. What is the greatest common factor of 33 and m?
33
Suppose 3*z + 1 - 16 = 0. Suppose h = -z*n + 43, n - 5*h + h + 4 = 0. Calculate the greatest common factor of n and 24.
8
Let u = 298 + -170. Calculate the greatest common divisor of u and 48.
16
Let a be (-4)/(12/6) - -42. Calculate the highest common factor of a and 32.
8
Suppose 0 = -h - h + 20. Suppose 5*a = h*a - 45. Calculate the greatest common factor of 36 and a.
9
Suppose 6*t - 108 = 24. Suppose 3*h + 3*q - 108 - 6 = 0, 3*q + t = h. Let a = -17 - -153. What is the highest common factor of a and h?
34
Let m(s) = s**3 + s**2 - 2*s + 1. Let y be m(1). Let i be 5 + (0/y - 2). Calculate the highest common factor of i and 3.
3
Suppose -515 = -4*b + 189. Let f be (-2)/7 - (-32)/14. Suppose 3*c + f*c - 110 = 0. What is the greatest common factor of b and c?
22
Let l(o) = 4*o**3 - 38*o**2 + 19*